(v) = 18699*v - 8*v**2 + 1 - v**2 - 18710*v + v**x. Give n(10).
-9
Suppose -1727 = 118*j + 1110 + 1647. Let k(m) = -3*m - 119. Determine k(j).
-5
Let m(a) = -4*a - 30. Let v = -7853 + 7845. Give m(v).
2
Suppose s = 5*z + 36, 5*z + 3*s + 9 + 23 = 0. Let i(q) be the second derivative of -q**3/2 + 4*q**2 + 41*q + 4. What is i(z)?
29
Let i(d) = d**3 + d**2 - d + 8. Let k = 62 + -104. Let v = -33 - k. Suppose 5*h = v*h. Determine i(h).
8
Let u(q) = -2*q + 57. Let c be (-17)/(16 + -15 - 2). Give u(c).
23
Let x(l) = -11*l**2 + 1 + 2130*l**3 + 0*l - 4 - 2129*l**3 + 12*l. What is x(10)?
17
Let x(d) = 3340 + 3373 - 3*d + 3330 - 10009. Determine x(15).
-11
Let q(f) = 5527 - 10415 + 5749 + 15*f. What is q(-58)?
-9
Let o(l) be the first derivative of 0*l + 1/4*l**4 + l**3 + 1/2*l**2 + 43. Let k be -2 + 2/(6/3). Give o(k).
1
Let i(a) = -a + 9. Let u(r) = 4*r - 16. Let p(m) = 9*m - 31. Let c(z) = -2*p(z) + 5*u(z). Let v(n) = 2*c(n) + 5*i(n). Let f be (-4 + 4)*2/(-4). Give v(f).
9
Let o(u) = -3*u**2 - 6*u + 14. Let q(w) = -5*w**3 + 44*w**2 - 36*w + 34. Let c be q(8). Give o(c).
-10
Let f(h) be the first derivative of -2*h**4 + 4*h**3/3 - h**2/2 + 3*h - 2714. Determine f(2).
-47
Suppose 100 + 12 = 14*q. Suppose 3*w = 3*d - 21, 0*d + d + 4*w = -q. Let u(j) = j**3 - 3*j**2 - 4*j + 5. What is u(d)?
5
Suppose 5*u + 55*z - 29 = 53*z, 2*u - 2*z = 6. Let m(x) = x**3 - 3*x**2 - 11*x + 5. What is m(u)?
0
Let c(a) = a**2 + 10. Let r(u) be the second derivative of -u**5/20 - u**4/12 + 7*u**3/3 + 4*u**2 + 2*u + 1. Let v be r(-4). Give c(v).
10
Let z(h) = h**2 + 4*h + 2. Suppose -4 = f, f + 3*f + 496 = 2*j. Let q be 22104/(-396) + (-6)/33. Let l be j/q - 4/(-14). Give z(l).
2
Let c(z) = 5*z**3 + 24*z**2 - 3*z + 12. Let n be c(-5). Let g(b) = 2*b**3 - 5*b**2 + 3*b - 1. Give g(n).
1
Let z(g) = g - 7. Let k(p) = 6*p**3 - 18*p**2 + 3*p + 3. Let b(r) = r**3 - 3*r**2 + 3*r - 6. Let o be b(3). Let w be k(o). Calculate z(w).
5
Let y(p) = 22*p - 74. Let f(r) = -2*r + 6. Let g(o) = 12*f(o) + y(o). Let d(v) = v + 8. Let c be d(-10). What is g(c)?
2
Suppose 0 = -14*d - 101283 + 101395. Let l(o) = 12*o - 38. What is l(d)?
58
Let u be -7 + 6 + (-2)/2 + 6. Suppose u*r = -2*r - 18. Let o(n) = -4*n + 2. Let s(c) = -5*c + 2. Let f(m) = 6*o(m) - 4*s(m). Determine f(r).
16
Let a = 105 - 73. Let u be (a/4)/4 + 0. Let g(i) = -i + 21 - u*i - 28 + 12. What is g(4)?
-7
Let i(f) = f - 8. Suppose 0 = -5*q + 204 + 196. Let y be (2/(-8) + -2)/((-30)/q). Calculate i(y).
-2
Let o = 71 + -49. Let n = o + -20. Let u(b) = -b**n - 2*b - 145 + b + 144. Determine u(-1).
-1
Suppose 0 = -h + 2*s + 5, -2*h + s + 16 = 3*s. Let t be (6/(-4))/(h/(140/(-15))). Suppose 3*w - 1 = t. Let c(n) = -n**3 - 2*n**2 + 1. Give c(w).
-2
Let w be (2 + -7)*(-66)/(-30). Let s(c) = 3*c**2 - 15*c - 7. Let u(d) = 4*d**2 - 16*d - 7. Let z(a) = 5*s(a) - 4*u(a). Calculate z(w).
-7
Let w(r) = -645474*r + 5 - 3*r**2 + 645466*r + 9. Give w(-4).
-2
Suppose 986 = 76*o - 18*o. Let x(i) = -i**3 + 17*i**2 + 2*i - 18. Calculate x(o).
16
Suppose 59 = 4*m + 5*z, -96*m - 40 = -101*m + 5*z. Let j(q) = -q**3 + 11*q**2 + 2*q + 1. What is j(m)?
23
Let n(r) = -40*r - 35*r + 76*r + 11. What is n(-8)?
3
Let y(u) be the second derivative of 2*u + 1/2*u**2 - 2*u**3 + 0. Let i be 3/(-9) - (-244)/183. Calculate y(i).
-11
Let i(o) = -15*o - 1. Suppose 0 = 4*h, 2*v - 7*h + 4*h = 14. Let d be 814/(-99) + v + 2/9. What is i(d)?
14
Let z(h) = -h**3 - 2*h**2 + 4*h. Let q(u) = -21*u + 146. Let c be q(6). Suppose -7*l - 39 = -c*l. Calculate z(l).
-33
Let w(u) be the first derivative of u**5/20 - u**4/3 - u**3/2 + 2*u**2 + 221*u - 186. Let g(t) be the first derivative of w(t). Calculate g(2).
-10
Let h(d) be the third derivative of -d**4/8 + 19*d**3/2 - 1418*d**2. Determine h(23).
-12
Let d(v) = 4*v**2 + 4*v + 3. Suppose 94*r - 162 = 175*r. Calculate d(r).
11
Let k = 154 - 22. Let j = 114 - 119. Let l be (j - k/(-28))/(2/(-7)). Let n(h) = 9*h**2. What is n(l)?
9
Let b(a) be the third derivative of -13*a**4/24 - 4*a**3/3 + 12*a**2. Let v be b(-2). Suppose 2*q - v = 5*y, -5*y - 21 = 3*q + 2. Let z(k) = 3*k. What is z(q)?
-3
Let g(b) = 3*b - 21. Let w be 9718/1243 - (60/33 - 2). What is g(w)?
3
Let b = 233 + -229. Suppose b = 14*f - 16*f. Let y(l) = 8*l**2 - 1. Determine y(f).
31
Let q(w) = -w**3 + 7*w**2 + 2*w + 7. Let u = 1092 - 1086. What is q(u)?
55
Suppose 24 = 5*t + 3*q - 32, 3*t + 3*q = 24. Let m(g) = 4*g - 103. Give m(t).
-39
Let d(z) = z**2 - 16*z + 6. Let g(a) = -a**2 + 2*a. Suppose -3*m + 77 - 71 = 0. Let r(o) = m*g(o) + d(o). What is r(-13)?
-7
Let g = -56 - -67. Let n(i) = -8*i**2 - g*i - 4*i**3 + 1 + 3*i - 13. Let f(c) = -3*c**3 - 8*c**2 - 8*c - 11. Let a(p) = -5*f(p) + 4*n(p). Calculate a(9).
-2
Let v(t) = -t + 377 - 808 + 402. Give v(0).
-29
Let i = -16 - -15. Let q be 4*(16/24)/((-16)/(-18)). Let u(f) = -q - 5 + 8 + 20*f. Determine u(i).
-20
Let f(z) be the first derivative of -z**3/3 - z**2 + 30*z + 2915. What is f(0)?
30
Suppose -24*b = 177 - 33. Let v(w) = -w**2 - 8*w + 3. Determine v(b).
15
Let a(f) = -4*f + 7. Let s(d) = 3*d - 5. Let p(n) = -2*a(n) - 3*s(n). Let t(j) = -j**2 + 12. Let m(x) = 5*p(x) + t(x). Determine m(-7).
3
Suppose 3*g + 12 = g. Let a(r) = 6*r - 70. Let f be a(21). Let i(w) = -7*w + 14 - f + 22 - w**2 + 18. Determine i(g).
4
Let s(f) be the first derivative of 0*f**2 - 1/3*f**3 + 0*f - 30. Give s(1).
-1
Let c(n) be the first derivative of -109 - 4*n + 0*n**2 + 1/3*n**3. Give c(5).
21
Let j(q) be the second derivative of q**4/6 - 85*q**3/6 + 269*q**2/2 - 2*q + 7608. Give j(39).
-4
Let l(z) = z**2 - 3*z - 3. Suppose 2*o + 7*o - 567 = 0. Let m be (-44)/21 + 6/o. Let d be ((-3)/m - 0)*(-24)/(-9). Determine l(d).
1
Let j(s) = -s**3 - 16*s**2 - 19*s + 21. Let z be j(-15). Suppose 109 - z = -7*n. Let f(k) = k**3 + 4*k**2 - k + 2. Determine f(n).
6
Let i(s) = s**2 + 2*s - 4. Let q be i(2). Let x be 8/(-6)*(-6)/q. Let g(z) = x - 6*z + 8*z + 4*z**2 - 5 + z**3. Calculate g(-3).
0
Let x(v) be the third derivative of v**6/120 - v**5/20 - v**4/6 - v**3/6 - 639*v**2 + 2*v. What is x(4)?
-1
Suppose 0 = 3*a + 2*v + 28, -9*v = 5*a - 5*v + 46. Let x(d) = -d**2 - 6*d + 50. Determine x(a).
10
Suppose 2*h + 11 = y, -h - 5*y + 16 = 2*h. Let g(n) = -n + n + 129*n**3 - 2*n**2 - 11*n**3 + 2*n + 2 - 119*n**3. Determine g(h).
5
Let m(o) be the second derivative of o**5/60 + 88*o**3/3 + 154*o. Let s(r) be the second derivative of m(r). What is s(-1)?
-2
Suppose -g = 2*g + 4*f - 82, 25 = g - f. Suppose -2*m = -3*s + g, s - m = 2*m + 18. Suppose -s = 19*p - 16*p. Let c(a) = -3*a - 3. Give c(p).
3
Let d(w) = w**3 - 7*w**2 - 23*w + 41. Suppose -17 = -3*q + 2*k, -3*k = 3*q - 2*q - 24. Determine d(q).
-4
Let v(q) be the third derivative of -q**4/8 + 11*q**3/2 - 12*q**2 - 87*q. Calculate v(17).
-18
Let s be (7 - 3)/((-1)/(-2)). Suppose s*c - 5*c = -24. Let p(j) be the first derivative of -j**2/2 - 6*j - 6300. What is p(c)?
2
Let z(q) be the second derivative of 0 - 67*q + 1/12*q**4 + 7/2*q**2 + 4/3*q**3. Determine z(-6).
-5
Let o(t) = 2*t**3 - 7*t**2 + 4*t + 1. Suppose 10*g - 239 = -199. Calculate o(g).
33
Let x(s) = 3*s. Let t(k) be the first derivative of 7*k**2/2 - 100. Let j(r) = -4*t(r) + 9*x(r). Determine j(7).
-7
Let u(v) = 12*v**2 + 570*v - 57. Let w(c) = -4*c**2 - 201*c + 19. Let i(b) = -6*u(b) - 17*w(b). What is i(3)?
-26
Let t(z) = -6*z - 46. Let k be t(-8). Let p(o) = -55*o**2 - k*o + 1 - 21*o**2 - 2*o + 75*o**2. What is p(-6)?
-11
Let a(z) = 6*z**2 - 87*z + 60. Let k(r) = r**2 - 18*r + 16. Let d(j) = 2*a(j) - 11*k(j). Calculate d(-27).
25
Suppose -5*u - 4*u - 306 = 0. Let q = u - -34. Suppose -24 = -q*i + 6*i. Let j(n) = -n**3 - 5*n**2 - 5*n + 4. Calculate j(i).
8
Let u(k) = 323*k - 51 - 434*k + 112*k. Calculate u(15).
-36
Let t = 56 + -63. Let r(a) = 2*a**2 + 37 + 9*a - 28 + 5*a**2 + a**3 + a**2. Give r(t).
-5
Let p be (-5)/(-2)*64/(-40). Let s(o) = 3*o**2 - 2*o + 124903*o**3 - 124902*o**3 + 0*o**2. Give s(p).
-8
Let s(b) = -53*b + 174 - 298 + 48*b + 195. What is s(13)?
6
Let s(j) be the second derivative of -j**4/12 + 4*j**3/3 + 12*j**2 + 1969*j. What is s(10)?
4
Suppose -15 = -2*b + 6*n - 5*n, b = -n. Let q(c) = -c**3 + 8*c**2 - 14*c + 8. What is q(b)?
13
Suppose 21 = -21*s + 231. Let u(a) = -5*a**2 - s*a**2 - 2*a - 1 - a + 4*a - 3*a**2. What is 